{"id":110,"date":"2014-10-03T20:51:12","date_gmt":"2014-10-03T20:51:12","guid":{"rendered":"http:\/\/bergen.katolsk.no\/?page_id=110"},"modified":"2021-08-17T08:27:48","modified_gmt":"2021-08-17T08:27:48","slug":"dap","status":"publish","type":"page","link":"https:\/\/bergen.katolsk.no\/?page_id=110","title":{"rendered":"D\u00e5p"},"content":{"rendered":"<p style=\"text-align: justify;\">I Den katolske kirke blir de fleste d\u00f8pt som barn. Foreldre og faddere lover \u00e5 dele troen med barnet. Barnets nye identitet som Guds barn understrekes gjerne ved at det f\u00e5r et navn som tidligere er b\u00e5ret av en helgen. Foreldrene velger \u00e9n eller flere faddere som selv er d\u00f8pt og konfirmert katolikk.<\/p>\n<p style=\"text-align: justify;\">Er den nyf\u00f8dte i livsfare, kan enhver foreta &#8220;n\u00f8dd\u00e5p&#8221; med vann og med ordene: NN, jeg d\u00f8per deg i Faderens og S\u00f8nnens og den Hellige \u00c5nds navn.<\/p>\n<p style=\"text-align: justify;\">I v\u00e5r menighet d\u00f8per vi til avtalte tider, som oftest p\u00e5 l\u00f8rdager kl 13.00. Andre tidspunkt kan eventuelt avtales med presten.<\/p>\n<p style=\"text-align: justify;\">Katolikker som bor langt fra kirken, kan avtale med presten om \u00e5 f\u00e5 sine barn d\u00f8pt p\u00e5 bostedet. Foreldrene kan avtale tidspunktet med en av prestene eller diakonen, og forberede d\u00e5pen med ham. Det fylles ut en d\u00e5psmelding som f\u00e5s p\u00e5 sognekontoret, eller som kan bli tilsendt.<\/p>\n<p style=\"text-align: justify;\">D\u00e5pen er gratis, men det er vanlig \u00e5 gi en gave til Kirken for \u00e5 dekke utgiftene menigheten har i form av bl.a. d\u00e5pslyset. Denne gaven kan gis i en konvolutt m\/ p\u00e5skrift &#8220;til kirken&#8221; og leveres til presten\/diakonen.<\/p>\n","protected":false},"excerpt":{"rendered":"<p>I Den katolske kirke blir de fleste d\u00f8pt som barn. Foreldre og faddere lover \u00e5 dele troen med barnet. Barnets<\/p>\n","protected":false},"author":1,"featured_media":0,"parent":108,"menu_order":0,"comment_status":"closed","ping_status":"closed","template":"","meta":{"colormag_page_container_layout":"default_layout","colormag_page_sidebar_layout":"default_layout","_exactmetrics_skip_tracking":false,"_exactmetrics_sitenote_active":false,"_exactmetrics_sitenote_note":"","_exactmetrics_sitenote_category":0,"footnotes":""},"class_list":["post-110","page","type-page","status-publish","hentry"],"_links":{"self":[{"href":"https:\/\/bergen.katolsk.no\/index.php?rest_route=\/wp\/v2\/pages\/110","targetHints":{"allow":["GET"]}}],"collection":[{"href":"https:\/\/bergen.katolsk.no\/index.php?rest_route=\/wp\/v2\/pages"}],"about":[{"href":"https:\/\/bergen.katolsk.no\/index.php?rest_route=\/wp\/v2\/types\/page"}],"author":[{"embeddable":true,"href":"https:\/\/bergen.katolsk.no\/index.php?rest_route=\/wp\/v2\/users\/1"}],"replies":[{"embeddable":true,"href":"https:\/\/bergen.katolsk.no\/index.php?rest_route=%2Fwp%2Fv2%2Fcomments&post=110"}],"version-history":[{"count":3,"href":"https:\/\/bergen.katolsk.no\/index.php?rest_route=\/wp\/v2\/pages\/110\/revisions"}],"predecessor-version":[{"id":16322,"href":"https:\/\/bergen.katolsk.no\/index.php?rest_route=\/wp\/v2\/pages\/110\/revisions\/16322"}],"up":[{"embeddable":true,"href":"https:\/\/bergen.katolsk.no\/index.php?rest_route=\/wp\/v2\/pages\/108"}],"wp:attachment":[{"href":"https:\/\/bergen.katolsk.no\/index.php?rest_route=%2Fwp%2Fv2%2Fmedia&parent=110"}],"curies":[{"name":"wp","href":"https:\/\/api.w.org\/{rel}","templated":true}]}}