{"id":122,"date":"2014-10-03T20:53:31","date_gmt":"2014-10-03T20:53:31","guid":{"rendered":"http:\/\/bergen.katolsk.no\/?page_id=122"},"modified":"2015-05-13T18:19:16","modified_gmt":"2015-05-13T18:19:16","slug":"ektevielse","status":"publish","type":"page","link":"https:\/\/bergen.katolsk.no\/?page_id=122","title":{"rendered":"Ektevielse"},"content":{"rendered":"<p style=\"text-align: justify;\"><strong>Alle som \u00f8nsker \u00e5 gifte seg katolsk m\u00e5 g\u00e5 gjennom et <a title=\"Ekteskapskurs\" href=\"http:\/\/bergen.katolsk.no\/?page_id=1373\" target=\"_blank\">forberedende kurs<\/a><\/strong>. Fra h\u00f8sten 2015 tilbyr St Paul menighet ekteskapsforberedende kurs p\u00e5 norsk to ganger hvert \u00e5r, om h\u00f8sten og i fastetiden<strong>. <\/strong><\/p>\n<p style=\"text-align: justify;\">Ekteskapet feires i v\u00e5r kirke som et sakrament, hvor ektefellene lover hverandre Guds trofasthet og kj\u00e6rlighet. Det er ektefellene selv som meddeler hverandre sakramentet. Presten\/diakonen stadfester og velsigner ekteskapet.<\/p>\n<p style=\"text-align: justify;\">I Norge er en kirkelig vielse gyldig for staten, idet menighetsprestene og diakonene er vigselsmenn for Den norske stat. Katolikker som vil inng\u00e5 ekteskap, m\u00e5 kontakte en av prestene eller diakonene i god tid f\u00f8r bryllupet. Sammen med ham og sognekontoret fastsettes dato og tidspunkt for vielsen. Presten eller diakonen har flere samtaler med brudeparet for ekteskapspr\u00f8ving og forberedelse av vielsen.<\/p>\n<p style=\"text-align: justify;\">Ekteskapsforberedende kurs er obligatorisk for alle som skal gifte seg katolsk. Undervisningen avtales med presten.<\/p>\n<p>Brudefolkene m\u00e5 ha med:<\/p>\n<p style=\"padding-left: 30px; text-align: justify;\">&#8211; D\u00e5psattest (katolikker m\u00e5 skaffe seg en d\u00e5psattest som ikke er eldre enn seks m\u00e5neder, utskrevet fra den menighet hvor de ble d\u00f8pt).<\/p>\n<p style=\"padding-left: 30px; text-align: justify;\">&#8211; Utskrift av opplysninger registrert i Det sentrale folkeregister som f\u00e5es p\u00e5 folkeregisteret<\/p>\n<p style=\"padding-left: 30px; text-align: justify;\">&#8211; Utenlandske statsborgere m\u00e5 skaffe ugiftattest fra hjemlandets myndigheter<\/p>\n<p style=\"padding-left: 30px; text-align: justify;\">&#8211; Om man er gift borgerlig og \u00f8nsker \u00e5 f\u00e5 oppvurdert ekteskapet sitt til et sakrament, m\u00e5 en fremlegge en borgerlig vielsesattest.<\/p>\n<p style=\"text-align: justify;\">Ved ekteskap mellom en katolikk og en ikke-katolikk, \u00f8nsker Kirken \u00e5 sikre at den katolske part skal ha frihet til \u00e5 leve sin tro og oppdra eventuelle barn som katolske kristne. F\u00f8r ekteskapet inng\u00e5s, erkl\u00e6rer katolikken at han\/hun vil gj\u00f8re sitt beste for \u00e5 dele sin tro med barna. Den ikke-katolske part erkl\u00e6rer at han \/ hun er gjort kjent med dette l\u00f8ftet, og respekterer det.<\/p>\n<p style=\"text-align: justify;\">Brudeparet m\u00e5 erkl\u00e6re overfor presten, at:<\/p>\n<p style=\"padding-left: 30px; text-align: justify;\">&#8211; de gifter seg med hverandre frivillig og uten tvang<\/p>\n<p style=\"padding-left: 30px; text-align: justify;\">&#8211; at de vil v\u00e6re gift med hverandre livet ut<\/p>\n<p style=\"padding-left: 30px; text-align: justify;\">&#8211; at de vil ta imot barn &#8211; hvis Gud vil gi dem noen &#8211; og oppdra disse i Kristi \u00e5nd.<\/p>\n<p style=\"text-align: justify;\">Under brudevielsen gjentar de denne erkl\u00e6ringen f\u00f8r de gir hverandre l\u00f8ftene om troskap. Dispensasjon m\u00e5 innhentes &#8211; fra sognepresten for \u00e5 inng\u00e5 ekteskap med en ikke-katolsk d\u00f8pt kristen (mixta religionis). &#8211; fra biskopen gjennom presten for \u00e5 inng\u00e5 ekteskap med en ud\u00f8pt (disparitas cultus). &#8211; fra biskopen gjennom presten for \u00e5 inng\u00e5 ekteskap i n\u00e6rv\u00e6r av annen enn en katolsk prest eller diakon, f.eks. for en luthersk prest (forma canonica).<\/p>\n","protected":false},"excerpt":{"rendered":"<p>Alle som \u00f8nsker \u00e5 gifte seg katolsk m\u00e5 g\u00e5 gjennom et forberedende kurs. Fra h\u00f8sten 2015 tilbyr St Paul menighet<\/p>\n","protected":false},"author":1,"featured_media":0,"parent":108,"menu_order":0,"comment_status":"closed","ping_status":"closed","template":"","meta":{"colormag_page_container_layout":"default_layout","colormag_page_sidebar_layout":"default_layout","_exactmetrics_skip_tracking":false,"_exactmetrics_sitenote_active":false,"_exactmetrics_sitenote_note":"","_exactmetrics_sitenote_category":0,"footnotes":""},"class_list":["post-122","page","type-page","status-publish","hentry"],"_links":{"self":[{"href":"https:\/\/bergen.katolsk.no\/index.php?rest_route=\/wp\/v2\/pages\/122","targetHints":{"allow":["GET"]}}],"collection":[{"href":"https:\/\/bergen.katolsk.no\/index.php?rest_route=\/wp\/v2\/pages"}],"about":[{"href":"https:\/\/bergen.katolsk.no\/index.php?rest_route=\/wp\/v2\/types\/page"}],"author":[{"embeddable":true,"href":"https:\/\/bergen.katolsk.no\/index.php?rest_route=\/wp\/v2\/users\/1"}],"replies":[{"embeddable":true,"href":"https:\/\/bergen.katolsk.no\/index.php?rest_route=%2Fwp%2Fv2%2Fcomments&post=122"}],"version-history":[{"count":4,"href":"https:\/\/bergen.katolsk.no\/index.php?rest_route=\/wp\/v2\/pages\/122\/revisions"}],"predecessor-version":[{"id":1380,"href":"https:\/\/bergen.katolsk.no\/index.php?rest_route=\/wp\/v2\/pages\/122\/revisions\/1380"}],"up":[{"embeddable":true,"href":"https:\/\/bergen.katolsk.no\/index.php?rest_route=\/wp\/v2\/pages\/108"}],"wp:attachment":[{"href":"https:\/\/bergen.katolsk.no\/index.php?rest_route=%2Fwp%2Fv2%2Fmedia&parent=122"}],"curies":[{"name":"wp","href":"https:\/\/api.w.org\/{rel}","templated":true}]}}