{"id":137,"date":"2014-10-03T20:56:20","date_gmt":"2014-10-03T20:56:20","guid":{"rendered":"http:\/\/bergen.katolsk.no\/?page_id=137"},"modified":"2024-01-13T11:12:43","modified_gmt":"2024-01-13T11:12:43","slug":"katolsk-forum","status":"publish","type":"page","link":"https:\/\/bergen.katolsk.no\/?page_id=137","title":{"rendered":"Katolsk Forum"},"content":{"rendered":"<hr \/>\n<h5 style=\"text-align: left;\"><strong>Hva er Katolsk Forum?<\/strong><\/h5>\n<p>Et samtaleforum om Kirke, kultur og samfunn. Ulike typer foredragsholdere blir invitert til \u00e5 innlede til samtale. Vi \u00f8nsker stor variasjon i tema, og h\u00e5per dette gjenspeiler seg i programmet. M\u00f8tene finner sted p\u00e5 St. Paul skole, i personalrommet i 2 etg. kl. 19.45. Inngangspenger kr 30. (Du kan n\u00e5 betale med VIPPS!)<\/p>\n<p><strong>Sp\u00f8rsm\u00e5l om programmet kan rettes til Stig Samn\u00f8y:\u00a0 <a href=\"mailto:stig.samnoy@hotmail.no\" target=\"_blank\" rel=\"noopener noreferrer\">stig.samnoy@hotmail.no<\/a><\/strong><\/p>\n","protected":false},"excerpt":{"rendered":"<p>Hva er Katolsk Forum? Et samtaleforum om Kirke, kultur og samfunn. Ulike typer foredragsholdere blir invitert til \u00e5 innlede til<\/p>\n","protected":false},"author":1,"featured_media":0,"parent":0,"menu_order":0,"comment_status":"closed","ping_status":"closed","template":"","meta":{"colormag_page_container_layout":"default_layout","colormag_page_sidebar_layout":"default_layout","_exactmetrics_skip_tracking":false,"_exactmetrics_sitenote_active":false,"_exactmetrics_sitenote_note":"","_exactmetrics_sitenote_category":0,"footnotes":""},"class_list":["post-137","page","type-page","status-publish","hentry"],"_links":{"self":[{"href":"https:\/\/bergen.katolsk.no\/index.php?rest_route=\/wp\/v2\/pages\/137","targetHints":{"allow":["GET"]}}],"collection":[{"href":"https:\/\/bergen.katolsk.no\/index.php?rest_route=\/wp\/v2\/pages"}],"about":[{"href":"https:\/\/bergen.katolsk.no\/index.php?rest_route=\/wp\/v2\/types\/page"}],"author":[{"embeddable":true,"href":"https:\/\/bergen.katolsk.no\/index.php?rest_route=\/wp\/v2\/users\/1"}],"replies":[{"embeddable":true,"href":"https:\/\/bergen.katolsk.no\/index.php?rest_route=%2Fwp%2Fv2%2Fcomments&post=137"}],"version-history":[{"count":129,"href":"https:\/\/bergen.katolsk.no\/index.php?rest_route=\/wp\/v2\/pages\/137\/revisions"}],"predecessor-version":[{"id":19040,"href":"https:\/\/bergen.katolsk.no\/index.php?rest_route=\/wp\/v2\/pages\/137\/revisions\/19040"}],"wp:attachment":[{"href":"https:\/\/bergen.katolsk.no\/index.php?rest_route=%2Fwp%2Fv2%2Fmedia&parent=137"}],"curies":[{"name":"wp","href":"https:\/\/api.w.org\/{rel}","templated":true}]}}