{"id":173,"date":"2014-10-03T21:08:31","date_gmt":"2014-10-03T21:08:31","guid":{"rendered":"http:\/\/bergen.katolsk.no\/?page_id=173"},"modified":"2025-10-28T14:39:10","modified_gmt":"2025-10-28T14:39:10","slug":"tamilsk-gruppe","status":"publish","type":"page","link":"https:\/\/bergen.katolsk.no\/?page_id=173","title":{"rendered":"Tamilsk gruppe"},"content":{"rendered":"<address>\u00a0<\/address>\n<address><strong><em>Leder: Flavius Antony Emiliyanus;\u00a0<\/em><\/strong><em>tel: 48435609; <\/em><\/address>\n<address><em>epost: <a href=\"mailto:FlaviusA.Emiliyanus@bergenengines.com\">FlaviusA.Emiliyanus@bergenengines.com<\/a><\/em><\/address>\n<address><strong>Nestleder: Dunstan Soosaipillai;\u00a0<\/strong><em>epost: <a href=\"mailto:dunsansoosaipillai@yahoo.no\">dunsansoosaipillai@yahoo.no<\/a><\/em><\/address>\n<address><strong><em>Sekret\u00e6r: Jacolyne Mary Felix; <\/em><\/strong><em>epost:\u00a0<a href=\"mailto:thomas.aloysius@uib.no\">jacolyn6@hotmail.com<\/a><\/em><\/address>\n<address><strong>2. Sekret\u00e6r: <em>Soosaipillai Judelan Madanbabu<\/em><\/strong><\/address>\n<address><strong>Kasserer: Kathleen Richmond Manuel<\/strong><\/address>\n<address><strong>Ansvarlig for kirken: Steek Ranjit Emilianus<\/strong><\/address>\n<address><strong><em>Vedr. tamilsk-katolske ungdom:\u00a0<\/em><\/strong><\/address>\n<address><strong>&#8211; Mary Saila Thevathas<\/strong> (organiserer ministranttjenesten)<\/address>\n<address><strong>&#8211; Pathmaraj Sebastammah<\/strong> (ungdomskoordinator)<\/address>\n<p><a href=\"http:\/\/www.bergentamilkat.com\" target=\"_blank\" rel=\"noopener noreferrer\">Nettside for tamilske katolikker i Bergen<\/a>\u00a0(p\u00e5 tamilsk)<\/p>\n<p style=\"text-align: justify;\">Tamiler har v\u00e6rt representert i St. Paul menighet siden begynnelsen av 1970 tallet og har v\u00e6rt en aktiv del av menigheten. Bergen Tamilsk Katolsk gruppe v\/St.Paul menighet ble formelt etablert i 1988\/89 etter at tamilene hadde f\u00e5tt egen prest: Iruthayanathan Pethuruppillai.<\/p>\n<p style=\"text-align: justify;\">I St.Paul menighet er det ca 350 tamiler f\u00f8dt p\u00e5 Sri Lanka. Omtrent like er mange f\u00f8dt i Norge. Messe p\u00e5 tamil feires hver mandag, og hver fjerde s\u00f8ndag i m\u00e5ned og ved andre spesielle anledninger, som jul og p\u00e5ske.<\/p>\n<p>Aktiviteter:<\/p>\n<p style=\"text-align: justify;\">Tamilene har etablert egen barnegruppe, ungdomsgruppe, ministrantlag og b\u00f8nnegruppe som tar seg av b\u00f8nner f\u00f8r og under messen, hjemme rosenkrans i mai hvert \u00e5r og korsvei i fastetiden. 1. s\u00f8ndag i m\u00e5neden er det katekese p\u00e5 tamilsk, i tillegg til katekese p\u00e5 norsk.<\/p>\n<p style=\"text-align: justify;\">Tamilsk sangkor har ansvar for alle gudstjenester i kirken p\u00e5 tamilsk og ved andre anledninger, som f.eks. Corpus Christi prosesjonen. Sangkoret har regelmessig \u00f8velser en gang i m\u00e5neden. I adventstiden og i fastetiden organiseres retrett, ofte med en prest fra utlandet.<\/p>\n<p style=\"text-align: justify;\">I l\u00f8pet av \u00e5ret er det ogs\u00e5 familiesamlinger og aktiviteter for barn og ungdom. Siden 1989 arrangeres den \u00e5rlige \u00abCHRISTMAS CAROL\u00bb synging og man bes\u00f8ker nesten alle tamilske hjem. Pengene som blir samlet inn, blir brukt til barn som trenger hjelp og st\u00f8tte p\u00e5 Sri Lanka. Prosjektet er koordinert av OMI (Oblatfedrene) Jaffna Province. Karitativt arbeid er et hovedm\u00e5l for tamilene og bidrag fra medlemmene blir brukt til fornuftige form\u00e5l.<\/p>\n<p style=\"text-align: justify;\">Ansvarlig prest for tamil sjelesorg v\/St.Paul menighet er overordnede ansvarlig for alle tiltak og prosjekter.<\/p>\n<p><span style=\"text-decoration: underline;\">Tamilene feirer spesielt:<\/span> Den hellige Antonius Fest 3. juni. Marias opptagelse i himmelen den 15. august.<\/p>\n","protected":false},"excerpt":{"rendered":"<p>\u00a0 Leder: Flavius Antony Emiliyanus;\u00a0tel: 48435609; epost: FlaviusA.Emiliyanus@bergenengines.com Nestleder: Dunstan Soosaipillai;\u00a0epost: dunsansoosaipillai@yahoo.no Sekret\u00e6r: Jacolyne Mary Felix; epost:\u00a0jacolyn6@hotmail.com 2. Sekret\u00e6r: Soosaipillai<\/p>\n","protected":false},"author":1,"featured_media":0,"parent":157,"menu_order":0,"comment_status":"closed","ping_status":"closed","template":"","meta":{"colormag_page_container_layout":"default_layout","colormag_page_sidebar_layout":"default_layout","_exactmetrics_skip_tracking":false,"_exactmetrics_sitenote_active":false,"_exactmetrics_sitenote_note":"","_exactmetrics_sitenote_category":0,"footnotes":""},"class_list":["post-173","page","type-page","status-publish","hentry"],"_links":{"self":[{"href":"https:\/\/bergen.katolsk.no\/index.php?rest_route=\/wp\/v2\/pages\/173","targetHints":{"allow":["GET"]}}],"collection":[{"href":"https:\/\/bergen.katolsk.no\/index.php?rest_route=\/wp\/v2\/pages"}],"about":[{"href":"https:\/\/bergen.katolsk.no\/index.php?rest_route=\/wp\/v2\/types\/page"}],"author":[{"embeddable":true,"href":"https:\/\/bergen.katolsk.no\/index.php?rest_route=\/wp\/v2\/users\/1"}],"replies":[{"embeddable":true,"href":"https:\/\/bergen.katolsk.no\/index.php?rest_route=%2Fwp%2Fv2%2Fcomments&post=173"}],"version-history":[{"count":36,"href":"https:\/\/bergen.katolsk.no\/index.php?rest_route=\/wp\/v2\/pages\/173\/revisions"}],"predecessor-version":[{"id":29705,"href":"https:\/\/bergen.katolsk.no\/index.php?rest_route=\/wp\/v2\/pages\/173\/revisions\/29705"}],"up":[{"embeddable":true,"href":"https:\/\/bergen.katolsk.no\/index.php?rest_route=\/wp\/v2\/pages\/157"}],"wp:attachment":[{"href":"https:\/\/bergen.katolsk.no\/index.php?rest_route=%2Fwp%2Fv2%2Fmedia&parent=173"}],"curies":[{"name":"wp","href":"https:\/\/api.w.org\/{rel}","templated":true}]}}