{"id":30168,"date":"2026-02-20T15:55:06","date_gmt":"2026-02-20T15:55:06","guid":{"rendered":"https:\/\/bergen.katolsk.no\/?page_id=30168"},"modified":"2026-02-20T15:55:07","modified_gmt":"2026-02-20T15:55:07","slug":"mor-teresa-gruppen","status":"publish","type":"page","link":"https:\/\/bergen.katolsk.no\/?page_id=30168","title":{"rendered":"Mor Teresa gruppen"},"content":{"rendered":"\n<figure class=\"wp-block-image size-large\"><a href=\"https:\/\/bergen.katolsk.no\/wp-content\/uploads\/2018\/09\/DSC_4374.jpg\"><img loading=\"lazy\" decoding=\"async\" width=\"1024\" height=\"682\" src=\"https:\/\/bergen.katolsk.no\/wp-content\/uploads\/2018\/09\/DSC_4374-1024x682.jpg\" alt=\"\" class=\"wp-image-8538\" srcset=\"https:\/\/bergen.katolsk.no\/wp-content\/uploads\/2018\/09\/DSC_4374-1024x682.jpg 1024w, https:\/\/bergen.katolsk.no\/wp-content\/uploads\/2018\/09\/DSC_4374-300x200.jpg 300w, https:\/\/bergen.katolsk.no\/wp-content\/uploads\/2018\/09\/DSC_4374-956x637.jpg 956w\" sizes=\"auto, (max-width: 1024px) 100vw, 1024px\" \/><\/a><\/figure>\n\n\n\n<p>\u00c5ndelig leder: \u00a0Mor Teresa s\u00f8strene<\/p>\n\n\n\n<p>Tlf: 55215970<\/p>\n\n\n\n<p>Leder: Marianne Irgens<\/p>\n\n\n\n<p>Mobil: 47375864<\/p>\n\n\n\n<p>Mail: <a href=\"mailto:marianne_irgens@hotmail.com\">marianne_irgens@hotmail.com<\/a><\/p>\n\n\n\n<p>Mor Teresa gruppen ble startet i 2022 av s\u00f8strene, og er en gruppe som fordyper seg i St.Teresas \u00e5ndelige p\u00e5virkning, hennes liv og virke. Dette tar vi med oss inn i v\u00e5r egen trosutvikling og v\u00e5rt menighetsarbeid, der flere i gruppen er aktive i andre grupper i menigheten. Vi bist\u00e5r ogs\u00e5 s\u00f8strene med r\u00e5d og praktisk hjelp, og anser oss som deres medarbeidere.<\/p>\n\n\n\n<p>M\u00f8tene holdes en gang i m\u00e5neden, p\u00e5 lunsjrommet i 4.etasje i presteg\u00e5rden, og sp\u00f8rsm\u00e5l om dato og tidspunkt kan rettes til <a href=\"mailto:marianne_irgens@hotmail.com\">marianne_irgens@hotmail.com<\/a>\u00a0<\/p>\n","protected":false},"excerpt":{"rendered":"<p>\u00c5ndelig leder: \u00a0Mor Teresa s\u00f8strene Tlf: 55215970 Leder: Marianne Irgens Mobil: 47375864 Mail: marianne_irgens@hotmail.com Mor Teresa gruppen ble startet i<\/p>\n","protected":false},"author":6,"featured_media":0,"parent":0,"menu_order":0,"comment_status":"closed","ping_status":"closed","template":"","meta":{"colormag_page_container_layout":"default_layout","colormag_page_sidebar_layout":"default_layout","_exactmetrics_skip_tracking":false,"_exactmetrics_sitenote_active":false,"_exactmetrics_sitenote_note":"","_exactmetrics_sitenote_category":0,"footnotes":""},"class_list":["post-30168","page","type-page","status-publish","hentry"],"_links":{"self":[{"href":"https:\/\/bergen.katolsk.no\/index.php?rest_route=\/wp\/v2\/pages\/30168","targetHints":{"allow":["GET"]}}],"collection":[{"href":"https:\/\/bergen.katolsk.no\/index.php?rest_route=\/wp\/v2\/pages"}],"about":[{"href":"https:\/\/bergen.katolsk.no\/index.php?rest_route=\/wp\/v2\/types\/page"}],"author":[{"embeddable":true,"href":"https:\/\/bergen.katolsk.no\/index.php?rest_route=\/wp\/v2\/users\/6"}],"replies":[{"embeddable":true,"href":"https:\/\/bergen.katolsk.no\/index.php?rest_route=%2Fwp%2Fv2%2Fcomments&post=30168"}],"version-history":[{"count":1,"href":"https:\/\/bergen.katolsk.no\/index.php?rest_route=\/wp\/v2\/pages\/30168\/revisions"}],"predecessor-version":[{"id":30169,"href":"https:\/\/bergen.katolsk.no\/index.php?rest_route=\/wp\/v2\/pages\/30168\/revisions\/30169"}],"wp:attachment":[{"href":"https:\/\/bergen.katolsk.no\/index.php?rest_route=%2Fwp%2Fv2%2Fmedia&parent=30168"}],"curies":[{"name":"wp","href":"https:\/\/api.w.org\/{rel}","templated":true}]}}