{"id":3536,"date":"2016-06-24T19:10:39","date_gmt":"2016-06-24T19:10:39","guid":{"rendered":"http:\/\/bergen.katolsk.no\/?page_id=3536"},"modified":"2016-12-19T17:04:45","modified_gmt":"2016-12-19T17:04:45","slug":"sondagsblad","status":"publish","type":"page","link":"https:\/\/bergen.katolsk.no\/?page_id=3536","title":{"rendered":"S\u00f8ndagsblad"},"content":{"rendered":"<p>P\u00e5 denne siden vil du finne S\u00f8ndagsbladet i pdf-format (\u00e5pnes i nytt vindu eller fane).<\/p>\n<p>&nbsp;<\/p>\n<p><a href=\"http:\/\/bergen.katolsk.no\/wp-content\/uploads\/2016\/06\/S\u00f8ndagsblad-jul-2016.jpg\"><img loading=\"lazy\" decoding=\"async\" class=\"alignleft size-medium wp-image-4369\" src=\"http:\/\/bergen.katolsk.no\/wp-content\/uploads\/2016\/06\/S\u00f8ndagsblad-jul-2016-300x99.jpg\" alt=\"S\u00f8ndagsblad jul 2016\" width=\"300\" height=\"99\" srcset=\"https:\/\/bergen.katolsk.no\/wp-content\/uploads\/2016\/06\/S\u00f8ndagsblad-jul-2016-300x99.jpg 300w, https:\/\/bergen.katolsk.no\/wp-content\/uploads\/2016\/06\/S\u00f8ndagsblad-jul-2016-1024x339.jpg 1024w, https:\/\/bergen.katolsk.no\/wp-content\/uploads\/2016\/06\/S\u00f8ndagsblad-jul-2016-956x316.jpg 956w, https:\/\/bergen.katolsk.no\/wp-content\/uploads\/2016\/06\/S\u00f8ndagsblad-jul-2016.jpg 1235w\" sizes=\"auto, (max-width: 300px) 100vw, 300px\" \/><\/a><\/p>\n<p>&nbsp;<\/p>\n<p>&nbsp;<\/p>\n<p>&nbsp;<\/p>\n<p>Siste nummer:<\/p>\n<p><a href=\"https:\/\/drive.google.com\/open?id=0B8WRT8gvJ-_-WkZzSWxERjhXdGM\" target=\"_blank\">Julen 2016 Hordaland<\/a><br \/>\n<a href=\"https:\/\/drive.google.com\/open?id=0B8WRT8gvJ-_-OW1HVXRqRWN4Rzg\" target=\"_blank\">Julen 2016 Sogn og Fjordane<\/a><\/p>\n<p>Tidligere nummer:<\/p>\n<p><a href=\"https:\/\/drive.google.com\/open?id=0B8WRT8gvJ-_-WWRFSHBQalNqMlk\" target=\"_blank\">September 2016<\/a><\/p>\n<p><a href=\"https:\/\/drive.google.com\/open?id=0B8WRT8gvJ-_-cmJuWjBDLXdaVGs\" target=\"_blank\">Juni 2016<\/a><\/p>\n","protected":false},"excerpt":{"rendered":"<p>P\u00e5 denne siden vil du finne S\u00f8ndagsbladet i pdf-format (\u00e5pnes i nytt vindu eller fane). &nbsp; &nbsp; &nbsp; &nbsp; Siste<\/p>\n","protected":false},"author":1,"featured_media":0,"parent":0,"menu_order":0,"comment_status":"closed","ping_status":"closed","template":"","meta":{"colormag_page_container_layout":"default_layout","colormag_page_sidebar_layout":"default_layout","_exactmetrics_skip_tracking":false,"_exactmetrics_sitenote_active":false,"_exactmetrics_sitenote_note":"","_exactmetrics_sitenote_category":0,"footnotes":""},"class_list":["post-3536","page","type-page","status-publish","hentry"],"_links":{"self":[{"href":"https:\/\/bergen.katolsk.no\/index.php?rest_route=\/wp\/v2\/pages\/3536","targetHints":{"allow":["GET"]}}],"collection":[{"href":"https:\/\/bergen.katolsk.no\/index.php?rest_route=\/wp\/v2\/pages"}],"about":[{"href":"https:\/\/bergen.katolsk.no\/index.php?rest_route=\/wp\/v2\/types\/page"}],"author":[{"embeddable":true,"href":"https:\/\/bergen.katolsk.no\/index.php?rest_route=\/wp\/v2\/users\/1"}],"replies":[{"embeddable":true,"href":"https:\/\/bergen.katolsk.no\/index.php?rest_route=%2Fwp%2Fv2%2Fcomments&post=3536"}],"version-history":[{"count":14,"href":"https:\/\/bergen.katolsk.no\/index.php?rest_route=\/wp\/v2\/pages\/3536\/revisions"}],"predecessor-version":[{"id":4469,"href":"https:\/\/bergen.katolsk.no\/index.php?rest_route=\/wp\/v2\/pages\/3536\/revisions\/4469"}],"wp:attachment":[{"href":"https:\/\/bergen.katolsk.no\/index.php?rest_route=%2Fwp%2Fv2%2Fmedia&parent=3536"}],"curies":[{"name":"wp","href":"https:\/\/api.w.org\/{rel}","templated":true}]}}