{"id":42,"date":"2014-10-03T20:28:05","date_gmt":"2014-10-03T20:28:05","guid":{"rendered":"http:\/\/bergen.katolsk.no\/?page_id=42"},"modified":"2025-04-22T11:03:50","modified_gmt":"2025-04-22T11:03:50","slug":"st-franciskus-xaverius-sostrene","status":"publish","type":"page","link":"https:\/\/bergen.katolsk.no\/?page_id=42","title":{"rendered":"St. Franciskus Xaverius s\u00f8strene"},"content":{"rendered":"<p>St. Franciskus Xaverius s\u00f8strene virket i Bergen fra ordenen ble opprettet i 1901 til sr. Mary Doyle d\u00f8de i juni 2024 som den siste.<br \/>\nAdresse: Nylandsveien 31, 5039 Bergen<br \/>\nTelefon: 55 55 99 60 &#8211; Telefax: 55 55 99 79<br \/>\nE-post: sfx@katolsk.no<br \/>\nSiste generalforstanderinne var <a href=\"http:\/\/www.katolsk.no\/biografier\/innenriks\/mdoyle\">sr. Mary Doyle S.F.X<\/a>.<br \/>\n<a title=\"St. Xaviers\u00f8strene\" href=\"http:\/\/bergen.katolsk.no\/wp_documents\/St.FXS\u00f8strene.pdf\" target=\"_blank\" rel=\"noopener noreferrer\">Les historien om St. Franciskus Xaverius S\u00f8strene<\/a><br \/>\n(14 sider pdf med bilder, \u00e5pner i nytt vindu)<\/p>\n<ul>\n<li><a href=\"http:\/\/www.katolsk.no\/organisasjon\/norge\/ordener\/sfx\/navneliste#Bergen\" target=\"_blank\" rel=\"noopener noreferrer\">Se en navneliste<\/a><\/li>\n<li><a href=\"http:\/\/tv.nrk.no\/serie\/mennesker-i-hverdagen\/FOLA64001164\/01-04-1964\">Dokumentarfilm fra NRK om S\u00f8stres arbeid i Norge (1964)<\/a>&#8216;<\/li>\n<li>Les mer i <a href=\"https:\/\/issuu.com\/stolavforlag\/docs\/kirkebladet_2021-2\/s\/12604004\">Katolsk Kirkeblad 2021-2<\/a><\/li>\n<\/ul>\n","protected":false},"excerpt":{"rendered":"<p>St. Franciskus Xaverius s\u00f8strene virket i Bergen fra ordenen ble opprettet i 1901 til sr. Mary Doyle d\u00f8de i juni<\/p>\n","protected":false},"author":1,"featured_media":0,"parent":30,"menu_order":0,"comment_status":"closed","ping_status":"closed","template":"","meta":{"colormag_page_container_layout":"default_layout","colormag_page_sidebar_layout":"default_layout","_exactmetrics_skip_tracking":false,"_exactmetrics_sitenote_active":false,"_exactmetrics_sitenote_note":"","_exactmetrics_sitenote_category":0,"footnotes":""},"class_list":["post-42","page","type-page","status-publish","hentry"],"_links":{"self":[{"href":"https:\/\/bergen.katolsk.no\/index.php?rest_route=\/wp\/v2\/pages\/42","targetHints":{"allow":["GET"]}}],"collection":[{"href":"https:\/\/bergen.katolsk.no\/index.php?rest_route=\/wp\/v2\/pages"}],"about":[{"href":"https:\/\/bergen.katolsk.no\/index.php?rest_route=\/wp\/v2\/types\/page"}],"author":[{"embeddable":true,"href":"https:\/\/bergen.katolsk.no\/index.php?rest_route=\/wp\/v2\/users\/1"}],"replies":[{"embeddable":true,"href":"https:\/\/bergen.katolsk.no\/index.php?rest_route=%2Fwp%2Fv2%2Fcomments&post=42"}],"version-history":[{"count":8,"href":"https:\/\/bergen.katolsk.no\/index.php?rest_route=\/wp\/v2\/pages\/42\/revisions"}],"predecessor-version":[{"id":29031,"href":"https:\/\/bergen.katolsk.no\/index.php?rest_route=\/wp\/v2\/pages\/42\/revisions\/29031"}],"up":[{"embeddable":true,"href":"https:\/\/bergen.katolsk.no\/index.php?rest_route=\/wp\/v2\/pages\/30"}],"wp:attachment":[{"href":"https:\/\/bergen.katolsk.no\/index.php?rest_route=%2Fwp%2Fv2%2Fmedia&parent=42"}],"curies":[{"name":"wp","href":"https:\/\/api.w.org\/{rel}","templated":true}]}}