{"id":58,"date":"2014-10-03T20:32:03","date_gmt":"2014-10-03T20:32:03","guid":{"rendered":"http:\/\/bergen.katolsk.no\/?page_id=58"},"modified":"2022-03-08T10:28:38","modified_gmt":"2022-03-08T10:28:38","slug":"messetider","status":"publish","type":"page","link":"https:\/\/bergen.katolsk.no\/?page_id=58","title":{"rendered":"Messetider"},"content":{"rendered":"<h4><\/h4>\n<h4><strong>Messetider i St. Paul kirke i Bergen&nbsp;<\/strong>(Bergen sentrum, Nyg\u00e5rdsgaten 3):<\/h4>\n<ul>\n<li><span style=\"color: #ff0000;\"><strong>S\u00f8ndag<\/strong><\/span>&nbsp;:\n<ul>\n<li>09:00&nbsp;Messe p\u00e5 norsk<\/li>\n<li><strong>11:00 H\u00f8ymesse&nbsp;p\u00e5 norsk<\/strong><\/li>\n<li>13:00 varierer&nbsp;(utenom sommerferie):\n<ul>\n<li>2.&nbsp;s\u00f8ndag:&nbsp;Messe p\u00e5 vietnamesisk<\/li>\n<li>3.&nbsp;s\u00f8ndag:&nbsp;Messe p\u00e5 spansk<\/li>\n<li>4.&nbsp;s\u00f8ndag:&nbsp;Messe p\u00e5 tamilsk<\/li>\n<\/ul>\n<\/li>\n<li>15:00&nbsp;Messe p\u00e5 polsk<\/li>\n<li>16:15 Messe p\u00e5 fransk (2. s\u00f8ndag i m\u00e5neden)<\/li>\n<li>16:30 Messe p\u00e5 litauisk (4. s\u00f8ndag i m\u00e5neden)<\/li>\n<li>18:00&nbsp;Messe p\u00e5 engelsk<\/li>\n<li>19:30&nbsp;Messe p\u00e5 polsk<\/li>\n<\/ul>\n<\/li>\n<\/ul>\n<ul>\n<li><span style=\"color: #0000ff;\"><strong>L\u00f8rdag<\/strong><\/span>:\n<ul>\n<li>18:00 Messe p\u00e5 latinsk (2. l\u00f8rdag&nbsp;i m\u00e5neden p\u00e5 filippinsk)<\/li>\n<\/ul>\n<\/li>\n<li><strong>Mandag<\/strong>:\n<ul>\n<li>11:00&nbsp;Messe p\u00e5 norsk<\/li>\n<li>19:00&nbsp;Messe p\u00e5 tamilsk<\/li>\n<\/ul>\n<\/li>\n<li><strong>Tirsdag<\/strong>:\n<ul>\n<li>18:00 Rosenkrans og tilbedelse&nbsp;(utenom juli og august)<\/li>\n<li>19:00&nbsp;Messe p\u00e5 norsk<\/li>\n<\/ul>\n<\/li>\n<li><strong>Onsdag<\/strong>:\n<ul>\n<li>18:00&nbsp;Tilbedelse<\/li>\n<li>19:00&nbsp;Messe p\u00e5 vietnamesisk<\/li>\n<\/ul>\n<\/li>\n<li><strong>Torsdag<\/strong>:\n<ul>\n<li>19:00&nbsp;Messe p\u00e5 norsk<\/li>\n<\/ul>\n<\/li>\n<\/ul>\n<ul>\n<li><strong>Fredag<\/strong>:\n<ul>\n<li><strong>18:30 i tillegg:<\/strong>\n<ul>\n<li>I mai og oktober:&nbsp;Rosenkrans<\/li>\n<li>I fastetiden:&nbsp;Korsvei<\/li>\n<\/ul>\n<\/li>\n<\/ul>\n<ul>\n<li>19:00&nbsp;Messe p\u00e5 norsk<\/li>\n<\/ul>\n<ul>\n<li>ca.&nbsp;19:40 Tilbedelse og skriftem\u00e5l (utenom juli og august)<\/li>\n<\/ul>\n<\/li>\n<\/ul>\n<ul>\n<li><strong>1. fredag i m\u00e5neden p\u00e5 polsk:<br \/>\n<\/strong><\/p>\n<ul>\n<li>fra 18:00 tilbedelse&nbsp;og&nbsp;skriftem\u00e5l.<\/li>\n<li>19:00 Messe.<\/li>\n<\/ul>\n<\/li>\n<li><a href=\"http:\/\/www.katolsk.no\/praksis\/messen\/parallell\" target=\"_blank\" rel=\"noopener noreferrer\">Her <\/a>finner du tekstene til den katolske messe p\u00e5 en rekke spr\u00e5k, satt i to spalter med norsk (bokm\u00e5l) i venstre spalte og det andre spr\u00e5ket i h\u00f8yre spalte. Filene er i PDF-format, beregnet p\u00e5 nedlastning.<\/li>\n<\/ul>\n","protected":false},"excerpt":{"rendered":"<p>Messetider i St. Paul kirke i Bergen&nbsp;(Bergen sentrum, Nyg\u00e5rdsgaten 3): S\u00f8ndag&nbsp;: 09:00&nbsp;Messe p\u00e5 norsk 11:00 H\u00f8ymesse&nbsp;p\u00e5 norsk 13:00 varierer&nbsp;(utenom sommerferie):<\/p>\n","protected":false},"author":1,"featured_media":0,"parent":0,"menu_order":0,"comment_status":"closed","ping_status":"closed","template":"","meta":{"colormag_page_container_layout":"default_layout","colormag_page_sidebar_layout":"default_layout","_exactmetrics_skip_tracking":false,"_exactmetrics_sitenote_active":false,"_exactmetrics_sitenote_note":"","_exactmetrics_sitenote_category":0,"footnotes":""},"class_list":["post-58","page","type-page","status-publish","hentry"],"_links":{"self":[{"href":"https:\/\/bergen.katolsk.no\/index.php?rest_route=\/wp\/v2\/pages\/58","targetHints":{"allow":["GET"]}}],"collection":[{"href":"https:\/\/bergen.katolsk.no\/index.php?rest_route=\/wp\/v2\/pages"}],"about":[{"href":"https:\/\/bergen.katolsk.no\/index.php?rest_route=\/wp\/v2\/types\/page"}],"author":[{"embeddable":true,"href":"https:\/\/bergen.katolsk.no\/index.php?rest_route=\/wp\/v2\/users\/1"}],"replies":[{"embeddable":true,"href":"https:\/\/bergen.katolsk.no\/index.php?rest_route=%2Fwp%2Fv2%2Fcomments&post=58"}],"version-history":[{"count":13,"href":"https:\/\/bergen.katolsk.no\/index.php?rest_route=\/wp\/v2\/pages\/58\/revisions"}],"predecessor-version":[{"id":16939,"href":"https:\/\/bergen.katolsk.no\/index.php?rest_route=\/wp\/v2\/pages\/58\/revisions\/16939"}],"wp:attachment":[{"href":"https:\/\/bergen.katolsk.no\/index.php?rest_route=%2Fwp%2Fv2%2Fmedia&parent=58"}],"curies":[{"name":"wp","href":"https:\/\/api.w.org\/{rel}","templated":true}]}}