{"id":95,"date":"2014-10-03T20:47:27","date_gmt":"2014-10-03T20:47:27","guid":{"rendered":"http:\/\/bergen.katolsk.no\/?page_id=95"},"modified":"2025-09-17T16:00:31","modified_gmt":"2025-09-17T16:00:31","slug":"trosopplaering","status":"publish","type":"page","link":"https:\/\/bergen.katolsk.no\/?page_id=95","title":{"rendered":"Trosoppl\u00e6ring"},"content":{"rendered":"<h3>Grunnkurs i katolsk tro<a href=\"http:\/\/bergen.katolsk.no\/wp-content\/uploads\/2014\/10\/Bibelen.png\"><img loading=\"lazy\" decoding=\"async\" class=\"alignright  wp-image-96\" src=\"http:\/\/bergen.katolsk.no\/wp-content\/uploads\/2014\/10\/Bibelen-300x178.png\" alt=\"Bibelen\" width=\"256\" height=\"152\" srcset=\"https:\/\/bergen.katolsk.no\/wp-content\/uploads\/2014\/10\/Bibelen-300x178.png 300w, https:\/\/bergen.katolsk.no\/wp-content\/uploads\/2014\/10\/Bibelen.png 320w\" sizes=\"auto, (max-width: 256px) 100vw, 256px\" \/><\/a><\/h3>\n<h4>\u00d8nsker du \u00e5 l\u00e6re mer om den katolske tro?<\/h4>\n<p><strong>Tenker du p\u00e5 \u00e5 konvertere?\u00a0 Eller vil du kanskje bare l\u00e6re mer om den katolske tro?<\/strong><\/p>\n<p style=\"text-align: justify;\">Grunnkurs i troen er et tilbud til alle (katolikker og ikke-katolikker) som \u00f8nsker \u00e5 fordype seg i sin tro og som er interessert i \u00e5 f\u00e5 vite mer om Den katolske kirkes tro og liv. For dem som tar sikte p\u00e5 \u00e5 konvertere til Den katolske kirke er kurset et grunnleggende ledd i forberedelsen.\u00a0 Kurset er gratis og tar sikte p\u00e5 \u00e5 gi informasjon om de vesentlige sider ved den katolske tro og l\u00e6re.<\/p>\n<p style=\"text-align: justify;\"><a href=\"http:\/\/bergen.katolsk.no\/wp-content\/uploads\/2014\/10\/Dom-Alois2.jpg\"><img loading=\"lazy\" decoding=\"async\" class=\"alignleft wp-image-14 size-full\" src=\"http:\/\/bergen.katolsk.no\/wp-content\/uploads\/2014\/10\/Dom-Alois2.jpg\" alt=\"Dom-Alois2\" width=\"125\" height=\"150\" \/><\/a>Sogneprest Dom Alois Brodersen holder kurset tirsdag ettermiddager klokken 17.00-18.30.<\/p>\n<p>Ta kontakt med Dom Alois p\u00e5 tlf.<br \/>\n55 21 59 60 (kontor)<br \/>\n482 77 282 (mobil)\u00a0 eller e-post:<br \/>\n<a href=\"mailto:Alois.Brodersen@katolsk.no\">Alois.Brodersen@katolsk.no<\/a><\/p>\n<p>Les mer om forskjellige emner:<\/p>\n<p><a href=\"http:\/\/bergen.katolsk.no\/wp_documents\/kristendom.pdf\" target=\"_blank\" rel=\"noopener\">Kristendom<\/a><\/p>\n<p><a href=\"http:\/\/bergen.katolsk.no\/wp_documents\/Samvittighet.pdf\" target=\"_blank\" rel=\"noopener\">Samvittighet<\/a><\/p>\n<p><a href=\"http:\/\/bergen.katolsk.no\/wp_documents\/alteretsakrament.pdf\" target=\"_blank\" rel=\"noopener\">Alteretsakrament<\/a><\/p>\n<p><a href=\"http:\/\/bergen.katolsk.no\/wp_documents\/Rosenkrans.pdf\" target=\"_blank\" rel=\"noopener\">Rosenkrans<\/a><\/p>\n<p><a href=\"http:\/\/bergen.katolsk.no\/wp_documents\/avlat.pdf\" target=\"_blank\" rel=\"noopener\">Avlat<\/a><\/p>\n","protected":false},"excerpt":{"rendered":"<p>Grunnkurs i katolsk tro \u00d8nsker du \u00e5 l\u00e6re mer om den katolske tro? Tenker du p\u00e5 \u00e5 konvertere?\u00a0 Eller vil<\/p>\n","protected":false},"author":1,"featured_media":0,"parent":76,"menu_order":0,"comment_status":"closed","ping_status":"closed","template":"","meta":{"colormag_page_container_layout":"default_layout","colormag_page_sidebar_layout":"default_layout","_exactmetrics_skip_tracking":false,"_exactmetrics_sitenote_active":false,"_exactmetrics_sitenote_note":"","_exactmetrics_sitenote_category":0,"footnotes":""},"class_list":["post-95","page","type-page","status-publish","hentry"],"_links":{"self":[{"href":"https:\/\/bergen.katolsk.no\/index.php?rest_route=\/wp\/v2\/pages\/95","targetHints":{"allow":["GET"]}}],"collection":[{"href":"https:\/\/bergen.katolsk.no\/index.php?rest_route=\/wp\/v2\/pages"}],"about":[{"href":"https:\/\/bergen.katolsk.no\/index.php?rest_route=\/wp\/v2\/types\/page"}],"author":[{"embeddable":true,"href":"https:\/\/bergen.katolsk.no\/index.php?rest_route=\/wp\/v2\/users\/1"}],"replies":[{"embeddable":true,"href":"https:\/\/bergen.katolsk.no\/index.php?rest_route=%2Fwp%2Fv2%2Fcomments&post=95"}],"version-history":[{"count":5,"href":"https:\/\/bergen.katolsk.no\/index.php?rest_route=\/wp\/v2\/pages\/95\/revisions"}],"predecessor-version":[{"id":29594,"href":"https:\/\/bergen.katolsk.no\/index.php?rest_route=\/wp\/v2\/pages\/95\/revisions\/29594"}],"up":[{"embeddable":true,"href":"https:\/\/bergen.katolsk.no\/index.php?rest_route=\/wp\/v2\/pages\/76"}],"wp:attachment":[{"href":"https:\/\/bergen.katolsk.no\/index.php?rest_route=%2Fwp%2Fv2%2Fmedia&parent=95"}],"curies":[{"name":"wp","href":"https:\/\/api.w.org\/{rel}","templated":true}]}}